{"id":281,"date":"2018-04-12T13:51:21","date_gmt":"2018-04-12T16:51:21","guid":{"rendered":"http:\/\/abolicaofm.com.br\/blog\/?page_id=281"},"modified":"2023-08-22T15:48:16","modified_gmt":"2023-08-22T18:48:16","slug":"contato","status":"publish","type":"page","link":"https:\/\/abolicaofm.com.br\/blog\/contato\/","title":{"rendered":"Contato"},"content":{"rendered":"<header class=\"entry-header\">\n<h2 style=\"text-align: center;\"><strong>P\u00e1gina de Contato<\/strong><\/h2>\n<h2><strong>Contate-nos<\/strong><\/h2>\n<p>Voc\u00ea pode entrar em contato conosco de diversas maneiras. Ficamos felizes em responder \u00e0s suas perguntas, receber feedback ou ajudar com quaisquer quest\u00f5es relacionadas \u00e0 R\u00e1dio Aboli\u00e7\u00e3o FM. Abaixo est\u00e3o nossas informa\u00e7\u00f5es de contato:<\/p>\n<p><strong>Endere\u00e7o:<\/strong> Av. Alberto Maranh\u00e3o, 1790 Centro, Mossor\u00f3\/RN CEP: 59610-080<\/p>\n<p><strong>Telefone:<\/strong> (84) 3321-2512<\/p>\n<p><strong>E-mail:<\/strong> Envie suas perguntas, sugest\u00f5es ou coment\u00e1rios para: <a href=\"mailto:fale@abolicaofm.com.br\" target=\"_new\" rel=\"noopener\">fale@abolicaofm.com.br<\/a><\/p>\n<p><strong>Redes Sociais:<\/strong> Conecte-se conosco atrav\u00e9s de nossas redes sociais para ficar por dentro das novidades, programas especiais e eventos:<\/p>\n<ul>\n<li><a href=\"https:\/\/www.facebook.com\/abolicaofm\" target=\"_new\" rel=\"noopener\" class=\"broken_link\">Facebook<\/a><\/li>\n<li><a href=\"https:\/\/www.instagram.com\/abolicaofm\" target=\"_new\" rel=\"noopener\" class=\"broken_link\">Instagram<\/a><\/li>\n<li><a href=\"https:\/\/www.twitter.com\/abolicaofm\" target=\"_new\" rel=\"noopener\" class=\"broken_link\">Twitter<\/a><\/li>\n<\/ul>\n<p><strong>Hor\u00e1rio de Atendimento:<\/strong> Nosso hor\u00e1rio de atendimento \u00e9 de segunda-feira a sexta-feira, das 9h \u00e0s 18h. Estamos dispon\u00edveis para ajudar a responder \u00e0s suas perguntas e resolver suas d\u00favidas.<\/p>\n<p><strong>Formul\u00e1rio de Contato:<\/strong> Se preferir, voc\u00ea pode preencher o formul\u00e1rio abaixo e entraremos em contato com voc\u00ea o mais r\u00e1pido poss\u00edvel:<\/p>\n<\/header>\n<div class=\"entry-content\">\n<div class=\"span-16\">\n<div id=\"content\">\n<div id=\"post-12\" class=\"post\">\n<div class=\"entry\">\n<div class=\"article\">\n<div id=\"wpcf7-f1-p12-o1\" class=\"wpcf7\">\n<form class=\"wpcf7-form\" action=\"https:\/\/web.archive.org\/web\/20130807231250\/http:\/\/www.empresascontraexploracao.com.br\/?page_id=12#wpcf7-f1-p12-o1\" method=\"post\">Seu nome (obrigat\u00f3rio)<br \/>\n<span class=\"wpcf7-form-control-wrap your-name\"><input class=\"wpcf7-text wpcf7-validates-as-required\" name=\"your-name\" size=\"40\" type=\"text\" value=\"\" \/><\/span>Seu e-mail (obrigat\u00f3rio)<br \/>\n<span class=\"wpcf7-form-control-wrap your-email\"><input class=\"wpcf7-text wpcf7-validates-as-email wpcf7-validates-as-required\" name=\"your-email\" size=\"40\" type=\"text\" value=\"\" \/><\/span><\/p>\n<p>Assunto<br \/>\n<span class=\"wpcf7-form-control-wrap your-subject\"><input class=\"wpcf7-text\" name=\"your-subject\" size=\"40\" type=\"text\" value=\"\" \/><\/span><\/p>\n<p>Sua mensagem<br \/>\n<span class=\"wpcf7-form-control-wrap your-message\"><textarea cols=\"40\" name=\"your-message\" rows=\"10\"><\/textarea><\/span><\/p>\n<p><input class=\"wpcf7-submit\" type=\"submit\" value=\"Enviar\" \/><\/p>\n<p>Agradecemos por entrar em contato conosco e por fazer parte da nossa audi\u00eancia na R\u00e1dio Aboli\u00e7\u00e3o FM! Estamos ansiosos para ouvir de voc\u00ea e proporcionar uma experi\u00eancia ainda melhor.<\/p>\n<p>Atenciosamente,<br \/>\nEquipe R\u00e1dio Aboli\u00e7\u00e3o FM<\/p>\n<\/form>\n<\/div>\n<\/div>\n<\/div>\n<\/div>\n<\/div>\n<\/div>\n<\/div>\n","protected":false},"excerpt":{"rendered":"<p>P\u00e1gina de Contato Contate-nos Voc\u00ea pode entrar em contato conosco de diversas maneiras. Ficamos felizes em responder \u00e0s suas perguntas, receber feedback ou ajudar com quaisquer quest\u00f5es relacionadas \u00e0 R\u00e1dio&hellip; <\/p>\n","protected":false},"author":2,"featured_media":0,"parent":0,"menu_order":0,"comment_status":"closed","ping_status":"closed","template":"","meta":{"footnotes":""},"_links":{"self":[{"href":"https:\/\/abolicaofm.com.br\/blog\/wp-json\/wp\/v2\/pages\/281"}],"collection":[{"href":"https:\/\/abolicaofm.com.br\/blog\/wp-json\/wp\/v2\/pages"}],"about":[{"href":"https:\/\/abolicaofm.com.br\/blog\/wp-json\/wp\/v2\/types\/page"}],"author":[{"embeddable":true,"href":"https:\/\/abolicaofm.com.br\/blog\/wp-json\/wp\/v2\/users\/2"}],"replies":[{"embeddable":true,"href":"https:\/\/abolicaofm.com.br\/blog\/wp-json\/wp\/v2\/comments?post=281"}],"version-history":[{"count":4,"href":"https:\/\/abolicaofm.com.br\/blog\/wp-json\/wp\/v2\/pages\/281\/revisions"}],"predecessor-version":[{"id":4571,"href":"https:\/\/abolicaofm.com.br\/blog\/wp-json\/wp\/v2\/pages\/281\/revisions\/4571"}],"wp:attachment":[{"href":"https:\/\/abolicaofm.com.br\/blog\/wp-json\/wp\/v2\/media?parent=281"}],"curies":[{"name":"wp","href":"https:\/\/api.w.org\/{rel}","templated":true}]}}